 16) in base 14?
13
4 (base 15) to base 16
4
What is -14 (base 5) in base 16?
-9
Convert -74 (base 13) to base 4.
-1133
What is 0 (base 9) in base 8?
0
What is 201 (base 7) in base 15?
69
What is -45 (base 14) in base 7?
-115
Convert 3 (base 14) to base 4.
3
Convert -107 (base 8) to base 2.
-1000111
Convert -101 (base 3) to base 4.
-22
Convert 100001 (base 2) to base 8.
41
Convert 24 (base 12) to base 6.
44
Convert 0 (base 4) to base 9.
0
240 (base 6) to base 8
140
What is 11 (base 6) in base 3?
21
Convert 101 (base 10) to base 13.
7a
What is -2 (base 12) in base 2?
-10
Convert -110 (base 2) to base 8.
-6
169 (base 15) to base 13
1bc
What is 158 (base 12) in base 5?
1322
Convert -2 (base 10) to base 6.
-2
What is 41 (base 14) in base 2?
111001
-6 (base 11) to base 14
-6
What is -2 (base 3) in base 2?
-10
What is -6 (base 9) in base 3?
-20
Convert 200 (base 5) to base 12.
42
What is -320 (base 6) in base 13?
-93
Convert -f (base 16) to base 9.
-16
Convert -74 (base 8) to base 13.
-48
Convert 11 (base 16) to base 4.
101
What is 21 (base 12) in base 6?
41
4 (base 11) to base 15
4
-10 (base 3) to base 7
-3
What is 1d (base 15) in base 10?
28
What is -1105 (base 6) in base 7?
-515
Convert 31 (base 12) to base 4.
211
What is -22 (base 6) in base 4?
-32
-1102 (base 3) to base 5
-123
-212 (base 5) to base 8
-71
What is -12 (base 10) in base 16?
-c
Convert -3 (base 4) to base 3.
-10
0 (base 6) to base 8
0
What is -10001 (base 2) in base 5?
-32
What is 191 (base 11) in base 6?
1005
4 (base 11) to base 16
4
What is -10001010 (base 2) in base 9?
-163
10 (base 3) to base 14
3
Convert 0 (base 15) to base 10.
0
-55 (base 11) to base 14
-44
102 (base 4) to base 12
16
-4 (base 14) to base 13
-4
Convert -101 (base 2) to base 3.
-12
1 (base 6) to base 3
1
What is -26 (base 9) in base 2?
-11000
Convert -15 (base 16) to base 9.
-23
What is 100 (base 5) in base 4?
121
What is 0 (base 14) in base 2?
0
-32 (base 6) to base 2
-10100
What is -2140 (base 5) in base 2?
-100100111
Convert 2 (base 16) to base 3.
2
-135 (base 6) to base 16
-3b
-4 (base 9) to base 7
-4
Convert 11 (base 3) to base 13.
4
-117 (base 11) to base 2
-10001011
Convert -87 (base 14) to base 15.
-7e
Convert 2210 (base 3) to base 2.
1001011
What is -141 (base 7) in base 4?
-1032
What is -1 (base 3) in base 16?
-1
3 (base 16) to base 6
3
220 (base 7) to base 12
94
Convert -56 (base 9) to base 3.
-1220
-bb (base 15) to base 14
-c8
-2 (base 9) to base 7
-2
What is -6 (base 8) in base 7?
-6
What is 2 (base 8) in base 5?
2
Convert 198 (base 13) to base 3.
101220
Convert -344 (base 8) to base 7.
-444
11 (base 2) to base 5
3
Convert 1100101 (base 2) to base 12.
85
What is -7 (base 11) in base 2?
-111
Convert -17 (base 12) to base 2.
-10011
Convert -126 (base 7) to base 8.
-105
Convert -3 (base 13) to base 12.
-3
Convert 5 (base 6) to base 7.
5
Convert -3 (base 9) to base 7.
-3
3 (base 15) to base 7
3
2 (base 6) to base 16
2
What is -4 (base 13) in base 9?
-4
What is -2 (base 11) in base 9?
-2
120 (base 4) to base 2
11000
What is -104 (base 6) in base 13?
-31
Convert 31 (base 7) to base 10.
22
What is -2e (base 16) in base 10?
-46
What is 145 (base 7) in base 11?
75
Convert 204 (base 8) to base 2.
10000100
3 (base 7) to base 13
3
Convert -224 (base 10) to base 5.
-1344
-2 (base 15) to base 12
-2
33 (base 8) to base 13
21
353 (base 6) to base 8
215
Convert 320 (base 5) to base 10.
85
Convert 0 (base 11) to base 5.
0
71 (base 15) to base 5
411
What is -1 (base 9) in base 16?
-1
What is -2 (base 3) in base 16?
-2
Convert 0 (base 4) to base 10.
0
Convert 289 (base 10) to base 2.
100100001
1002 (base 6) to base 2
11011010
Convert 111 (base 2) to base 13.
7
Convert -7 (base 10) to base 7.
-10
Convert -21 (base 7) to base 8.
-17
Convert 111 (base 2) to base 15.
7
What is 6 (base 16) in base 4?
12
-7 (base 8) to base 10
-7
-5 (base 12) to base 5
-10
Convert 3 (base 5) to base 14.
3
What is -2 (base 14) in base 3?
-2
Convert -2 (base 11) to base 15.
-2
What is 151 (base 10) in base 8?
227
Convert -50 (base 11) to base 12.
-47
Convert 10 (base 13) to base 4.
31
42 (base 6) to base 7
35
25 (base 8) to base 15
16
21 (base 15) to base 11
29
Convert 43 (base 5) to base 8.
27
-c (base 15) to base 14
-c
Convert -282 (base 9) to base 3.
-22202
-28 (base 9) to base 15
-1b
What is 90 (base 15) in base 3?
12000
-273 (base 9) to base 14
-124
-30 (base 4) to base 5
-22
6 (base 12) to base 6
10
1003 (base 4) to base 16
43
Convert 16 (base 9) to base 10.
15
13 (base 9) to base 6
20
0 (base 8) to base 2
0
What is 8 (base 15) in base 6?
12
-1 (base 5) to base 9
-1
What is -10000011 (base 2) in base 14?
-95
What is 16 (base 7) in base 3?
111
Convert 120 (base 7) to base 11.
58
What is -14 (base 13) in base 8?
-21
-b4 (base 13) to base 7
-300
Convert 24 (base 12) to base 15.
1d
What is 4 (base 10) in base 4?
10
Convert 3 (base 8) to base 3.
10
10 (base 2) to base 16
2
What is 15 (base 7) in base 8?
14
Convert -1 (base 10) to base 8.
-1
1 (base 15) to base 14
1
-5 (base 13) to base 11
-5
-6 (base 16) to base 9
-6
-13 (base 6) to base 9
-10
What is 73 (base 11) in base 4?
1100
-3 (base 12) to base 10
-3
Convert 0 (base 14) to base 9.
0
Convert 203 (base 9) to base 10.
165
Convert 3 (base 15) to base 2.
11
What is 69 (base 11) in base 12?
63
What is 39 (base 12) in base 10?
45
Convert 2 (base 3) to base 13.
2
What is 2 (base 4) in base 16?
2
What is -11010 (base 2) in base 4?
-122
-11000101 (base 2) to base 15
-d2
-c (base 14) to base 5
-22
141 (base 9) to base 11
a8
101000 (base 2) to base 16
28
What is -6 (base 16) in base 2?
-110
What is -301 (base 5) in base 8?
-114
What is 2 (base 9) in base 5?
2
What is 1 (base 12) in base 14?
1
-1 (base 11) to base 14
-1
What is 24 (base 10) in base 7?
33
What is 7 (base 12) in base 9?
7
What is -9 (base 11) in base 8?
-11
Convert -4 (base 15) to base 8.
-4
What is -5 (base 8) in base 10?
-5
What is 2 (base 11) in base 14?
2
10 (base 8) to base 9
8
28 (base 11) to base 13
24
Convert 13 (base 9) to base 6.
20
Convert -2 (base 12) to base 2.
-10
What is -5 (base 13) in base 4?
-11
-3 (base 10) to base 5
-3
-21 (base 7) to base 10
-15
What is -2 (base 12) in base 15?
-2
What is -2 (base 7) in base 10?
-2
a6 (base 14) to base 16
92
169 (base 12) to base 6
1013
-2 (base 9) to base 10
-2
4 (base 9) to base 16
4
62 (base 11) to base 9
75
What is 2 (base 5) in base 7?
2
Convert -10 (base 2) to base 11.
-2
-9 (base 11) to base 6
-13
What is 0 (base 14) in base 3?
0
What is 10e (base 16) in base 9?
330
-65 (base 8) to base 15
-38
What is -102 (base 4) in base 9?
-20
-8a (base 12) to base 8
-152
-7 (base 10) to base 5
-12
Convert 4 (base 5) to base 13.
4
2 (base 5) to base 16
2
Convert -101110000 (base 2) to base 4.
-11300
What is -10 (base 12) in base 4?
-30
Convert -57 (base 8) to base 12.
-3b
What is -121 (base 9) in base 3?
-10201
-22 (base 13) to base 7
-40
2 (base 11) to base 12
2
1210 (base 4) to base 9
121
-94 (base 14) to base 9
-154
What is -6 (base 13) in base 11?
-6
56 (base 11) to base 14
45
-1 (base 2) to base 6
-1
What is 1 (base 8) in base 16?
1
Convert 2 (base 9) to base 15.
2
What is 0 (base 3) in base 5?
0
Convert -1 (base 6) to base 7.
-1
0 (base 10) to base 15
0
-11 (base 2) to base 8
-3
What is -30 (base 14) in base 16?
-2a
3 (base 15) to base 2
11
What is -3 (base 13) in base 9?
-3
Convert 10202 (base 3) to base 13.
7a
Convert 0 (base 13) to base 8.
0
Convert -1 (base 6) to base 10.
-1
Convert 18 (base 15) to base 9.
25
-c6 (base 16) to base 7
-402
20 (base 5) to base 13
a
What is 400 (base 9) in base 6?
1300
Convert -10001 (base 2) to base 5.
-32
Convert -100 (base 2) to base 7.
-4
4 (base 16) to base 6
4
Convert -221 (base 4) to base 12.
-35
-2 (base 7) to base 10
-2
-29 (base 10) to base 3
-1002
What is -2 (base 8) in base 9?
-2
What is -2 (base 5) in base 7?
-2
1 (base 2) to base 3
1
Convert -2 (base 6) to base 10.
-2
Convert -1 (base 14) to base 13.
-1
Convert -9 (base 13) to base 3.
-100
10 (base 3) to base 11
3
Convert -5 (base 12) to base 5.
-10
16 (base 15) to base 2
10101
What is 1 (base 9) in base 15?
1
Convert 333 (base 4) to base 16.
3f
Convert 3 (base 8) to base 14.
3
e8 (base 15) to base 12
162
What is -5 (base 14) in base 5?
-10
Convert -35 (base 15) to base 11.
-46
